or of 6 and p.
6
Let q = -15 - -26. Let v be (-12)/(-3) - 1*2. Suppose 57 = 5*f + v. Calculate the greatest common divisor of q and f.
11
Let f = -44 + 56. What is the greatest common divisor of f and 24?
12
Let j(q) = q**3 + 10*q**2 + 5*q + 2. Let p be j(-5). What is the highest common divisor of 34 and p?
34
Let o(i) = 3*i - 13. Let v be o(-9). Let u = v - -72. Suppose u = s + s. What is the highest common factor of 8 and s?
8
Let a(t) = -t**2 + 25. Let y be a(0). Let v = y + -13. What is the highest common factor of 60 and v?
12
Let c(p) = -p**2 - 5*p + 1. Let u be c(-4). Suppose -5*b + 2*w + 82 = 0, -b + 59 = 3*b + u*w. Calculate the greatest common factor of 40 and b.
8
Let z(f) = -f**3 + 7*f**2 + 3. Let g be z(7). Suppose -h - g*h = -364. What is the highest common factor of h and 13?
13
Let u be -1 - 5/((-10)/42). Let x be (-30)/u*(-1 - 47). Calculate the highest common factor of 8 and x.
8
Let a = 10 - 8. Suppose -a*f + 18 = -6. What is the greatest common divisor of 2 and f?
2
Suppose -3 = 4*t - 5*t. Suppose -2*a + 5*a - 70 = -5*q, 0 = -t*a + 4*q + 25. What is the highest common factor of a and 10?
5
Suppose 3*c = 5*g + 23, 2*c + g = 3*g + 14. What is the greatest common divisor of 48 and c?
6
Let h be (4/(-6))/((-10)/15). Let v be -2 + (0 - -4) - h. Suppose 0 = -3*y + 4*y - v. What is the greatest common divisor of y and 9?
1
Let i(v) = v**2 + 3*v + 11. Let m be i(-9). Calculate the highest common divisor of m and 13.
13
Let i(z) = -z**3 - 5*z**2 + 2*z + 10. Let q be i(-5). Suppose 4*g = -2*v + 1054, -g + q*v - 2*v + 262 = 0. Calculate the greatest common factor of g and 24.
24
Let m be 1/(-3*3/(-126)). Let r(q) be the first derivative of -q**3/3 + 5*q**2 - 7*q - 1. Let b be r(7). What is the greatest common factor of b and m?
14
Suppose t = 3*t - 12. Suppose -193 = -4*f + 23. Calculate the greatest common divisor of f and t.
6
Let h = -11 - -21. Suppose -12*d + 11*d + 110 = 0. Calculate the greatest common divisor of h and d.
10
Let h be 0*(-2)/4*2. Suppose -5*u = -4*a - 42, h = u - 2*u - 2*a. Calculate the highest common factor of u and 54.
6
Let p be ((126/5)/3)/((-1)/(-20)). Calculate the highest common factor of p and 28.
28
Let v(z) = 2*z**3 - 2*z**2 + z - 1. Let x be v(2). Let f = -37 - -63. Let g = f + -17. What is the highest common divisor of g and x?
9
Suppose 2*m + l - 3*l - 2 = 0, -l - 1 = -2*m. Let z = 3 - m. Suppose -z*k = -3*g + 69, 44 = 3*g - 2*k + 4*k. What is the highest common divisor of 6 and g?
6
Suppose 2*r - 7*r + 10 = 0. Suppose -5*p + 3*j + 20 + 37 = 0, -j = -4*p + 40. Let t be (p/6)/(3/12). What is the greatest common divisor of t and r?
2
Let b = 292 - 116. Let j(i) be the first derivative of i**4/4 - 5*i**3/3 + i**2 + 6*i + 2. Let z be j(5). What is the highest common factor of z and b?
16
Let j = -7 - 3. Let q be 3/9 + j/(-6). Let s(x) = x**3 + 4*x**2 - 6*x - 3. Let u be s(-5). Calculate the greatest common factor of u and q.
2
Let k(y) = 3*y**2 + 24*y + 4. Let c be k(-8). Calculate the greatest common factor of c and 36.
4
Let c = -11 - -77. What is the highest common divisor of c and 11?
11
Let d = 3 + 11. Let p = d + -2. What is the highest common factor of 2 and p?
2
Let g(n) = -n**3 - 9*n**2 - 8*n + 9. Let o be g(-8). Let z be (-10)/3*o/(-6). Calculate the highest common factor of 10 and z.
5
Suppose -4*x + 9 = 5*u, 5*u = 8*x - 4*x + 41. Calculate the greatest common factor of 5 and u.
5
Suppose -w + 5*d + 71 = 3*w, 4*w - 4*d - 68 = 0. What is the highest common factor of 70 and w?
14
Let p = -9 + 28. Calculate the greatest common divisor of 76 and p.
19
Let k be -2 - ((3 - -1) + -14). Calculate the greatest common divisor of 72 and k.
8
Suppose -5*f + 12*f - 189 = 0. What is the highest common factor of 270 and f?
27
Let y = 1 - 3. Let z be (-15)/2 + y/(-4). Let g = z + 47. What is the highest common divisor of g and 8?
8
Let k(v) = -v**3 + 12*v**2 + 3*v + 2. Let i be k(12). What is the highest common factor of 95 and i?
19
Let w be 2/7 + 3744/28. Let y be w/6 + 4/(-12). Suppose -3*k + x = -8, 5*k - 2*x - x - 16 = 0. Calculate the greatest common divisor of k and y.
2
Suppose 0 = -b - 6 + 96. Suppose 0*g + 5*g - b = 0. Calculate the highest common factor of g and 54.
18
Let u(k) = -k**2 - 14*k - 9. Let y be u(-13). Let m(l) = -l - 4. Let a be m(4). Let s be (-2)/a + 363/y. Calculate the greatest common divisor of s and 13.
13
Let f be (-301)/(-1) + 1 + -2. Suppose -f = -r - 4*r. Suppose -3*a - a + 48 = -2*j, 2*a = 4*j + 24. What is the greatest common factor of a and r?
12
Suppose -20 = -6*d + 2*d. Suppose 24 = -3*n + d*n. Calculate the highest common factor of 8 and n.
4
Suppose 3*y - 124 - 68 = -4*k, 0 = y - 5*k - 45. Calculate the highest common factor of y and 20.
20
Let l = -9 - -18. Let m be l*(-1 - (2 + -2)). Let b be (-2)/(-3) - 570/m. What is the greatest common divisor of b and 8?
8
Let c = 367 - 257. Let k be c*(2 - 4/(-5)). What is the greatest common factor of 28 and k?
28
Let w = -37 - -52. Let p be 27/(-2)*(-100)/w. Let i be -1 - 9/(-3) - -34. Calculate the highest common factor of i and p.
18
Let q(u) = u**3 + 8*u**2 - 8*u + 7. Let v be q(-9). Let n be (-4)/6*27/v. Calculate the greatest common divisor of 81 and n.
9
Suppose 3*r = z - 5, 2*r = -2*z - 2*r + 20. Calculate the highest common divisor of z and 16.
8
Suppose 2*v - 2*g = 22, -4*v + 2*g + 70 = 22. Calculate the greatest common divisor of v and 117.
13
Let s be ((-6)/(-15))/(5/200). Calculate the greatest common factor of 16 and s.
16
Let b = 11 + -6. Suppose b*h - 609 + 224 = 0. Suppose 0 = -3*d - 11 + 44. What is the highest common factor of h and d?
11
Suppose 5*x = 2*x + 27. Let n = 46 - 10. Calculate the highest common divisor of x and n.
9
Let s(j) = 2*j**2 - 3*j - 4. Let u be s(3). Suppose -u = k, 4*k + 55 = 3*o + 2*o. Let i = -13 + 27. What is the greatest common divisor of i and o?
7
Suppose 3*m = 4*m - 40. What is the greatest common divisor of m and 10?
10
Let d be 308/3 - 2/3. Suppose 0*t + 4*t = 3*p + d, 2*t = -p + 56. What is the highest common factor of t and 216?
27
Let j = -5 + 8. Suppose 0 = j*r - 33 + 3. What is the greatest common factor of 2 and r?
2
Let k(i) = i**3 + i**2 + i + 1. Let y be k(0). Calculate the greatest common divisor of 5 and y.
1
Let f(o) = 7*o - 2. Let v be f(1). What is the greatest common factor of 15 and v?
5
Let w(z) = 2*z - 1 - 4*z + z. Let x be (1 + (-15)/6)*2. Let r be w(x). What is the highest common divisor of 5 and r?
1
Let q be (6/(-4))/((-1)/14). Suppose 5*r + 5*w = 920, -3*r - 4*w = -13 - 534. Calculate the highest common divisor of q and r.
21
Let z = 5 + 79. Suppose 3*g + 33 = 2*u, 22 = u - 2*g + 4. Calculate the greatest common divisor of z and u.
12
Suppose 3*o - 2 = c, c - 12 = -2*c. Suppose -o*r + 1 = 5*l, 1 = -2*l - 5. What is the highest common divisor of 2 and r?
2
Let f(i) = 13*i - 5. Suppose k = -1, -4*k + 1 = 5*s - 20. Let j be f(s). Let b be 4*1*(-6)/(-2). Calculate the highest common divisor of b and j.
12
Suppose -4*t = -2*h + 156, -31 = 4*h - 3*t - 338. What is the greatest common factor of 4 and h?
4
Let h(m) = m + m**2 + 2 + m - 3. Let i be h(-3). Let o = 3 + i. What is the greatest common divisor of 5 and o?
5
Let y = -1 - -11. Let z be (-30)/4*(-20)/6. Calculate the highest common factor of z and y.
5
Suppose 0 = 19*w - 18*w - 36. What is the greatest common divisor of w and 12?
12
Let u be 0 - 4 - (2 + -22). What is the highest common divisor of 72 and u?
8
Suppose -5*q = -5*j + 70, j = 5*q - q + 17. What is the greatest common factor of 26 and j?
13
Suppose -4*h = 33 + 339. Let w be (-2)/(3 + 285/h). Suppose 3*m + 37 = 5*k, 3*k + m - 5*m - w = 0. Calculate the highest common divisor of k and 55.
5
Let d(r) = 26*r - 2. Let m be d(5). Suppose 0 = i - 5. Let o be i + -3 - (-1 - 13). Calculate the highest common factor of m and o.
16
Suppose 0 = 2*v + 2*g - 2, 4*v - g - 1 = -2. Suppose v = -3*p + 3*s + 24, -p - s - 4 = -5*s. What is the highest common divisor of p and 96?
12
Suppose 0 = 2*c + 2*c. Suppose c*f = -4*f. Let j = f - -3. Calculate the highest common factor of 9 and j.
3
Let j(m) = m**2 - m + 3. Let x be j(0). Calculate the greatest common divisor of 3 and x.
3
Let x(w) = w**3 + 6*w**2 - 3*w - 8. Suppose 5*j + 2*i = 3*i - 32, 5*j = -i - 28